{"id":74,"date":"2024-04-25T10:45:35","date_gmt":"2024-04-25T08:45:35","guid":{"rendered":"https:\/\/julientiberghien.com\/?page_id=74"},"modified":"2024-07-09T14:54:02","modified_gmt":"2024-07-09T12:54:02","slug":"medias","status":"publish","type":"page","link":"https:\/\/julientiberghien.com\/index.php\/medias\/","title":{"rendered":"M\u00e9dias"},"content":{"rendered":"\n<div class=\"wp-block-columns is-layout-flex wp-container-core-columns-is-layout-28f84493 wp-block-columns-is-layout-flex\">\n<div class=\"wp-block-column is-layout-flow wp-block-column-is-layout-flow\" style=\"flex-basis:33.33%\">\n<figure class=\"wp-block-image aligncenter size-large is-resized\"><img loading=\"lazy\" decoding=\"async\" width=\"1024\" height=\"1024\" src=\"http:\/\/julientiberghien.com\/wp-content\/uploads\/2024\/07\/eb4147f7-092e-4363-88e4-eb0ae9df51de-1024x1024.jpg\" alt=\"\" class=\"wp-image-476\" style=\"width:202px;height:auto\" srcset=\"https:\/\/julientiberghien.com\/wp-content\/uploads\/2024\/07\/eb4147f7-092e-4363-88e4-eb0ae9df51de-1024x1024.jpg 1024w, https:\/\/julientiberghien.com\/wp-content\/uploads\/2024\/07\/eb4147f7-092e-4363-88e4-eb0ae9df51de-300x300.jpg 300w, https:\/\/julientiberghien.com\/wp-content\/uploads\/2024\/07\/eb4147f7-092e-4363-88e4-eb0ae9df51de-150x150.jpg 150w, https:\/\/julientiberghien.com\/wp-content\/uploads\/2024\/07\/eb4147f7-092e-4363-88e4-eb0ae9df51de-768x768.jpg 768w, https:\/\/julientiberghien.com\/wp-content\/uploads\/2024\/07\/eb4147f7-092e-4363-88e4-eb0ae9df51de.jpg 1400w\" sizes=\"auto, (max-width: 1024px) 100vw, 1024px\" \/><\/figure>\n\n\n\n<p class=\"has-text-align-center has-luminous-vivid-orange-color has-text-color has-link-color wp-elements-c7919b17a6adfe7c8cd6f8d1edc04cd9\"><a href=\"https:\/\/podcasts.audiomeans.fr\/on-faisait-comment-avant-5b42ab75\/alors-on-danse-53b1e2a0\"><strong><em>Ecouter le podcast >ici&lt;<\/em><\/strong><\/a><\/p>\n<\/div>\n\n\n\n<div class=\"wp-block-column is-layout-flow wp-block-column-is-layout-flow\" style=\"flex-basis:80%\">\n<p style=\"font-size:0.9rem\">Accepterez-vous cette danse ? Cet \u00e9pisode va nous plonger dans l&rsquo;atmosph\u00e8res des bals du 19e et du d\u00e9but 20e. La danse, c&rsquo;est la vie. Depuis l&rsquo;aube de l&rsquo;humanit\u00e9 sans doute, on danse, et des places de village aux bals costum\u00e9s, la pratique n&rsquo;a eu de cesse d&rsquo;\u00e9voluer. Nous allons donc nous concentrer sur une petite partie de l&rsquo;histoire, et parlerons quadrille, polka, valse et tango,. Il sera question de personnages hauts en couleurs, de ma\u00eetres \u00e0 danser ou d&rsquo;anc\u00eatres des DJ. Il sera question de ces codes de la salle de bal, du carnet \u00e0 l&rsquo;invitation. Des ces chor\u00e9graphies qu&rsquo;il fallait conna\u00eetre du bout des pieds comme de ces usages. Laissez-vous porter&#8230;\u00a0<\/p>\n\n\n\n<p style=\"font-size:0.9rem\">Notre invit\u00e9 est Julien Tiberghien, lui m\u00eame danseur et m\u00eame reconstituteur de danses historiques qu&rsquo;il enseigne \u00e9galement. Il est plus particuli\u00e8rement expert des danses historique du XIXe et d\u00e9but XXe si\u00e8cle. R\u00e9alisation Laetitia Harper \/ Musique originale Antonin Fajon<\/p>\n<\/div>\n<\/div>\n\n\n\n<div class=\"wp-block-columns is-layout-flex wp-container-core-columns-is-layout-28f84493 wp-block-columns-is-layout-flex\">\n<div class=\"wp-block-column is-layout-flow wp-block-column-is-layout-flow\">\n<h2 class=\"wp-block-heading has-text-align-center has-large-font-size\"><strong>Vid\u00e9os<\/strong><\/h2>\n\n\n\n<figure class=\"wp-block-embed is-type-video is-provider-youtube wp-block-embed-youtube wp-embed-aspect-16-9 wp-has-aspect-ratio\"><div class=\"wp-block-embed__wrapper\">\n<iframe loading=\"lazy\" title=\"Danse lors du 20e anniversaire de la Charte de Paris contre le Cancer au Ch\u00e2teau de Versailles\" width=\"500\" height=\"281\" src=\"https:\/\/www.youtube.com\/embed\/WflHjK-No-g?feature=oembed\" frameborder=\"0\" allow=\"accelerometer; autoplay; clipboard-write; encrypted-media; gyroscope; picture-in-picture; web-share\" referrerpolicy=\"strict-origin-when-cross-origin\" allowfullscreen><\/iframe>\n<\/div><\/figure>\n\n\n\n<figure class=\"wp-block-embed is-type-video is-provider-youtube wp-block-embed-youtube wp-embed-aspect-16-9 wp-has-aspect-ratio\"><div class=\"wp-block-embed__wrapper\">\n<iframe loading=\"lazy\" title=\"Le Quadrille des Abeilles - 1863-2023\" width=\"500\" height=\"281\" src=\"https:\/\/www.youtube.com\/embed\/Elj8NlS-iZo?feature=oembed\" frameborder=\"0\" allow=\"accelerometer; autoplay; clipboard-write; encrypted-media; gyroscope; picture-in-picture; web-share\" referrerpolicy=\"strict-origin-when-cross-origin\" allowfullscreen><\/iframe>\n<\/div><\/figure>\n\n\n\n<figure class=\"wp-block-image size-large\"><a href=\"https:\/\/youtu.be\/bIP6bar5m_w?si=CHAU9ksOEKPhPgv1\" target=\"_blank\" rel=\"noreferrer noopener\"><img loading=\"lazy\" decoding=\"async\" width=\"1024\" height=\"576\" src=\"https:\/\/julientiberghien.com\/wp-content\/uploads\/2024\/05\/maxresdefault-1024x576.jpg\" alt=\"\" class=\"wp-image-455\" srcset=\"https:\/\/julientiberghien.com\/wp-content\/uploads\/2024\/05\/maxresdefault-1024x576.jpg 1024w, https:\/\/julientiberghien.com\/wp-content\/uploads\/2024\/05\/maxresdefault-300x169.jpg 300w, https:\/\/julientiberghien.com\/wp-content\/uploads\/2024\/05\/maxresdefault-768x432.jpg 768w, https:\/\/julientiberghien.com\/wp-content\/uploads\/2024\/05\/maxresdefault.jpg 1280w\" sizes=\"auto, (max-width: 1024px) 100vw, 1024px\" \/><\/a><\/figure>\n<\/div>\n\n\n\n<div class=\"wp-block-column is-layout-flow wp-block-column-is-layout-flow\">\n<h2 class=\"wp-block-heading has-text-align-center has-large-font-size\"><strong>Audio<\/strong><\/h2>\n\n\n\n<figure class=\"wp-block-embed is-type-video is-provider-youtube wp-block-embed-youtube wp-embed-aspect-16-9 wp-has-aspect-ratio\"><div class=\"wp-block-embed__wrapper\">\n<iframe loading=\"lazy\" title=\"La Rondaise - 1862\" width=\"500\" height=\"281\" src=\"https:\/\/www.youtube.com\/embed\/OOpjTHviRug?feature=oembed\" frameborder=\"0\" allow=\"accelerometer; autoplay; clipboard-write; encrypted-media; gyroscope; picture-in-picture; web-share\" referrerpolicy=\"strict-origin-when-cross-origin\" allowfullscreen><\/iframe>\n<\/div><\/figure>\n\n\n\n<figure class=\"wp-block-embed is-type-video is-provider-youtube wp-block-embed-youtube wp-embed-aspect-16-9 wp-has-aspect-ratio\"><div class=\"wp-block-embed__wrapper\">\n<iframe loading=\"lazy\" title=\"Around the Christmas Tree - Quadrille 1876\" width=\"500\" height=\"281\" src=\"https:\/\/www.youtube.com\/embed\/a946SIo8CEQ?feature=oembed\" frameborder=\"0\" allow=\"accelerometer; autoplay; clipboard-write; encrypted-media; gyroscope; picture-in-picture; web-share\" referrerpolicy=\"strict-origin-when-cross-origin\" allowfullscreen><\/iframe>\n<\/div><\/figure>\n\n\n\n<figure class=\"wp-block-embed is-type-video is-provider-youtube wp-block-embed-youtube wp-embed-aspect-16-9 wp-has-aspect-ratio\"><div class=\"wp-block-embed__wrapper\">\n<iframe loading=\"lazy\" title=\"Quadrille du Capitaine N\u00e9mo par Ida Chapelle en 1879\" width=\"500\" height=\"281\" src=\"https:\/\/www.youtube.com\/embed\/6lZOErvZkmY?feature=oembed\" frameborder=\"0\" allow=\"accelerometer; autoplay; clipboard-write; encrypted-media; gyroscope; picture-in-picture; web-share\" referrerpolicy=\"strict-origin-when-cross-origin\" allowfullscreen><\/iframe>\n<\/div><\/figure>\n\n\n\n<figure class=\"wp-block-embed is-type-video is-provider-youtube wp-block-embed-youtube wp-embed-aspect-16-9 wp-has-aspect-ratio\"><div class=\"wp-block-embed__wrapper\">\n<iframe loading=\"lazy\" title=\"Berthe l&#039;amoureuse - Fran\u00e7ois Paul - 1860\" width=\"500\" height=\"281\" src=\"https:\/\/www.youtube.com\/embed\/0tNerAoobqA?feature=oembed\" frameborder=\"0\" allow=\"accelerometer; autoplay; clipboard-write; encrypted-media; gyroscope; picture-in-picture; web-share\" referrerpolicy=\"strict-origin-when-cross-origin\" allowfullscreen><\/iframe>\n<\/div><\/figure>\n<\/div>\n<\/div>\n","protected":false},"excerpt":{"rendered":"<p>Ecouter le podcast >ici&lt; Accepterez-vous cette danse ? Cet \u00e9pisode va nous plonger dans l&rsquo;atmosph\u00e8res des bals du 19e et du d\u00e9but 20e. La danse, c&rsquo;est la vie. Depuis l&rsquo;aube de l&rsquo;humanit\u00e9 sans doute, on danse, et des places de village aux bals costum\u00e9s, la pratique n&rsquo;a eu de cesse d&rsquo;\u00e9voluer. Nous allons donc nous [&hellip;]<\/p>\n","protected":false},"author":1,"featured_media":0,"parent":0,"menu_order":0,"comment_status":"closed","ping_status":"closed","template":"","meta":{"footnotes":""},"class_list":["post-74","page","type-page","status-publish","hentry"],"yoast_head":"<!-- This site is optimized with the Yoast SEO plugin v24.8.1 - https:\/\/yoast.com\/wordpress\/plugins\/seo\/ -->\n<title>M\u00e9dias - Julien Tiberghien<\/title>\n<meta name=\"robots\" content=\"index, follow, max-snippet:-1, max-image-preview:large, max-video-preview:-1\" \/>\n<link rel=\"canonical\" href=\"https:\/\/julientiberghien.com\/index.php\/medias\/\" \/>\n<meta property=\"og:locale\" content=\"fr_FR\" \/>\n<meta property=\"og:type\" content=\"article\" \/>\n<meta property=\"og:title\" content=\"M\u00e9dias - Julien Tiberghien\" \/>\n<meta property=\"og:description\" content=\"Ecouter le podcast &gt;ici&lt; Accepterez-vous cette danse ? Cet \u00e9pisode va nous plonger dans l&rsquo;atmosph\u00e8res des bals du 19e et du d\u00e9but 20e. La danse, c&rsquo;est la vie. Depuis l&rsquo;aube de l&rsquo;humanit\u00e9 sans doute, on danse, et des places de village aux bals costum\u00e9s, la pratique n&rsquo;a eu de cesse d&rsquo;\u00e9voluer. Nous allons donc nous [&hellip;]\" \/>\n<meta property=\"og:url\" content=\"https:\/\/julientiberghien.com\/index.php\/medias\/\" \/>\n<meta property=\"og:site_name\" content=\"Julien Tiberghien\" \/>\n<meta property=\"article:modified_time\" content=\"2024-07-09T12:54:02+00:00\" \/>\n<meta property=\"og:image\" content=\"http:\/\/julientiberghien.com\/wp-content\/uploads\/2024\/07\/eb4147f7-092e-4363-88e4-eb0ae9df51de-1024x1024.jpg\" \/>\n<meta name=\"twitter:card\" content=\"summary_large_image\" \/>\n<meta name=\"twitter:label1\" content=\"Dur\u00e9e de lecture estim\u00e9e\" \/>\n\t<meta name=\"twitter:data1\" content=\"2 minutes\" \/>\n<script type=\"application\/ld+json\" class=\"yoast-schema-graph\">{\"@context\":\"https:\/\/schema.org\",\"@graph\":[{\"@type\":\"WebPage\",\"@id\":\"https:\/\/julientiberghien.com\/index.php\/medias\/\",\"url\":\"https:\/\/julientiberghien.com\/index.php\/medias\/\",\"name\":\"M\u00e9dias - Julien Tiberghien\",\"isPartOf\":{\"@id\":\"https:\/\/julientiberghien.com\/#website\"},\"primaryImageOfPage\":{\"@id\":\"https:\/\/julientiberghien.com\/index.php\/medias\/#primaryimage\"},\"image\":{\"@id\":\"https:\/\/julientiberghien.com\/index.php\/medias\/#primaryimage\"},\"thumbnailUrl\":\"http:\/\/julientiberghien.com\/wp-content\/uploads\/2024\/07\/eb4147f7-092e-4363-88e4-eb0ae9df51de-1024x1024.jpg\",\"datePublished\":\"2024-04-25T08:45:35+00:00\",\"dateModified\":\"2024-07-09T12:54:02+00:00\",\"breadcrumb\":{\"@id\":\"https:\/\/julientiberghien.com\/index.php\/medias\/#breadcrumb\"},\"inLanguage\":\"fr-FR\",\"potentialAction\":[{\"@type\":\"ReadAction\",\"target\":[\"https:\/\/julientiberghien.com\/index.php\/medias\/\"]}]},{\"@type\":\"ImageObject\",\"inLanguage\":\"fr-FR\",\"@id\":\"https:\/\/julientiberghien.com\/index.php\/medias\/#primaryimage\",\"url\":\"https:\/\/julientiberghien.com\/wp-content\/uploads\/2024\/07\/eb4147f7-092e-4363-88e4-eb0ae9df51de.jpg\",\"contentUrl\":\"https:\/\/julientiberghien.com\/wp-content\/uploads\/2024\/07\/eb4147f7-092e-4363-88e4-eb0ae9df51de.jpg\",\"width\":1400,\"height\":1400},{\"@type\":\"BreadcrumbList\",\"@id\":\"https:\/\/julientiberghien.com\/index.php\/medias\/#breadcrumb\",\"itemListElement\":[{\"@type\":\"ListItem\",\"position\":1,\"name\":\"Accueil\",\"item\":\"https:\/\/julientiberghien.com\/\"},{\"@type\":\"ListItem\",\"position\":2,\"name\":\"M\u00e9dias\"}]},{\"@type\":\"WebSite\",\"@id\":\"https:\/\/julientiberghien.com\/#website\",\"url\":\"https:\/\/julientiberghien.com\/\",\"name\":\"Julien Tiberghien\",\"description\":\"Danseur, musicien, transmetteur\",\"publisher\":{\"@id\":\"https:\/\/julientiberghien.com\/#organization\"},\"potentialAction\":[{\"@type\":\"SearchAction\",\"target\":{\"@type\":\"EntryPoint\",\"urlTemplate\":\"https:\/\/julientiberghien.com\/?s={search_term_string}\"},\"query-input\":{\"@type\":\"PropertyValueSpecification\",\"valueRequired\":true,\"valueName\":\"search_term_string\"}}],\"inLanguage\":\"fr-FR\"},{\"@type\":\"Organization\",\"@id\":\"https:\/\/julientiberghien.com\/#organization\",\"name\":\"Julien Tiberghien\",\"url\":\"https:\/\/julientiberghien.com\/\",\"logo\":{\"@type\":\"ImageObject\",\"inLanguage\":\"fr-FR\",\"@id\":\"https:\/\/julientiberghien.com\/#\/schema\/logo\/image\/\",\"url\":\"https:\/\/julientiberghien.com\/wp-content\/uploads\/2024\/04\/Julien-Tiberghien-1.png\",\"contentUrl\":\"https:\/\/julientiberghien.com\/wp-content\/uploads\/2024\/04\/Julien-Tiberghien-1.png\",\"width\":500,\"height\":173,\"caption\":\"Julien Tiberghien\"},\"image\":{\"@id\":\"https:\/\/julientiberghien.com\/#\/schema\/logo\/image\/\"}}]}<\/script>\n<!-- \/ Yoast SEO plugin. -->","yoast_head_json":{"title":"M\u00e9dias - Julien Tiberghien","robots":{"index":"index","follow":"follow","max-snippet":"max-snippet:-1","max-image-preview":"max-image-preview:large","max-video-preview":"max-video-preview:-1"},"canonical":"https:\/\/julientiberghien.com\/index.php\/medias\/","og_locale":"fr_FR","og_type":"article","og_title":"M\u00e9dias - Julien Tiberghien","og_description":"Ecouter le podcast >ici&lt; Accepterez-vous cette danse ? Cet \u00e9pisode va nous plonger dans l&rsquo;atmosph\u00e8res des bals du 19e et du d\u00e9but 20e. La danse, c&rsquo;est la vie. Depuis l&rsquo;aube de l&rsquo;humanit\u00e9 sans doute, on danse, et des places de village aux bals costum\u00e9s, la pratique n&rsquo;a eu de cesse d&rsquo;\u00e9voluer. Nous allons donc nous [&hellip;]","og_url":"https:\/\/julientiberghien.com\/index.php\/medias\/","og_site_name":"Julien Tiberghien","article_modified_time":"2024-07-09T12:54:02+00:00","og_image":[{"url":"http:\/\/julientiberghien.com\/wp-content\/uploads\/2024\/07\/eb4147f7-092e-4363-88e4-eb0ae9df51de-1024x1024.jpg","type":"","width":"","height":""}],"twitter_card":"summary_large_image","twitter_misc":{"Dur\u00e9e de lecture estim\u00e9e":"2 minutes"},"schema":{"@context":"https:\/\/schema.org","@graph":[{"@type":"WebPage","@id":"https:\/\/julientiberghien.com\/index.php\/medias\/","url":"https:\/\/julientiberghien.com\/index.php\/medias\/","name":"M\u00e9dias - Julien Tiberghien","isPartOf":{"@id":"https:\/\/julientiberghien.com\/#website"},"primaryImageOfPage":{"@id":"https:\/\/julientiberghien.com\/index.php\/medias\/#primaryimage"},"image":{"@id":"https:\/\/julientiberghien.com\/index.php\/medias\/#primaryimage"},"thumbnailUrl":"http:\/\/julientiberghien.com\/wp-content\/uploads\/2024\/07\/eb4147f7-092e-4363-88e4-eb0ae9df51de-1024x1024.jpg","datePublished":"2024-04-25T08:45:35+00:00","dateModified":"2024-07-09T12:54:02+00:00","breadcrumb":{"@id":"https:\/\/julientiberghien.com\/index.php\/medias\/#breadcrumb"},"inLanguage":"fr-FR","potentialAction":[{"@type":"ReadAction","target":["https:\/\/julientiberghien.com\/index.php\/medias\/"]}]},{"@type":"ImageObject","inLanguage":"fr-FR","@id":"https:\/\/julientiberghien.com\/index.php\/medias\/#primaryimage","url":"https:\/\/julientiberghien.com\/wp-content\/uploads\/2024\/07\/eb4147f7-092e-4363-88e4-eb0ae9df51de.jpg","contentUrl":"https:\/\/julientiberghien.com\/wp-content\/uploads\/2024\/07\/eb4147f7-092e-4363-88e4-eb0ae9df51de.jpg","width":1400,"height":1400},{"@type":"BreadcrumbList","@id":"https:\/\/julientiberghien.com\/index.php\/medias\/#breadcrumb","itemListElement":[{"@type":"ListItem","position":1,"name":"Accueil","item":"https:\/\/julientiberghien.com\/"},{"@type":"ListItem","position":2,"name":"M\u00e9dias"}]},{"@type":"WebSite","@id":"https:\/\/julientiberghien.com\/#website","url":"https:\/\/julientiberghien.com\/","name":"Julien Tiberghien","description":"Danseur, musicien, transmetteur","publisher":{"@id":"https:\/\/julientiberghien.com\/#organization"},"potentialAction":[{"@type":"SearchAction","target":{"@type":"EntryPoint","urlTemplate":"https:\/\/julientiberghien.com\/?s={search_term_string}"},"query-input":{"@type":"PropertyValueSpecification","valueRequired":true,"valueName":"search_term_string"}}],"inLanguage":"fr-FR"},{"@type":"Organization","@id":"https:\/\/julientiberghien.com\/#organization","name":"Julien Tiberghien","url":"https:\/\/julientiberghien.com\/","logo":{"@type":"ImageObject","inLanguage":"fr-FR","@id":"https:\/\/julientiberghien.com\/#\/schema\/logo\/image\/","url":"https:\/\/julientiberghien.com\/wp-content\/uploads\/2024\/04\/Julien-Tiberghien-1.png","contentUrl":"https:\/\/julientiberghien.com\/wp-content\/uploads\/2024\/04\/Julien-Tiberghien-1.png","width":500,"height":173,"caption":"Julien Tiberghien"},"image":{"@id":"https:\/\/julientiberghien.com\/#\/schema\/logo\/image\/"}}]}},"_links":{"self":[{"href":"https:\/\/julientiberghien.com\/index.php\/wp-json\/wp\/v2\/pages\/74","targetHints":{"allow":["GET"]}}],"collection":[{"href":"https:\/\/julientiberghien.com\/index.php\/wp-json\/wp\/v2\/pages"}],"about":[{"href":"https:\/\/julientiberghien.com\/index.php\/wp-json\/wp\/v2\/types\/page"}],"author":[{"embeddable":true,"href":"https:\/\/julientiberghien.com\/index.php\/wp-json\/wp\/v2\/users\/1"}],"replies":[{"embeddable":true,"href":"https:\/\/julientiberghien.com\/index.php\/wp-json\/wp\/v2\/comments?post=74"}],"version-history":[{"count":16,"href":"https:\/\/julientiberghien.com\/index.php\/wp-json\/wp\/v2\/pages\/74\/revisions"}],"predecessor-version":[{"id":481,"href":"https:\/\/julientiberghien.com\/index.php\/wp-json\/wp\/v2\/pages\/74\/revisions\/481"}],"wp:attachment":[{"href":"https:\/\/julientiberghien.com\/index.php\/wp-json\/wp\/v2\/media?parent=74"}],"curies":[{"name":"wp","href":"https:\/\/api.w.org\/{rel}","templated":true}]}}