{"id":72,"date":"2024-04-25T10:44:58","date_gmt":"2024-04-25T08:44:58","guid":{"rendered":"https:\/\/julientiberghien.com\/?page_id=72"},"modified":"2024-05-06T08:57:30","modified_gmt":"2024-05-06T06:57:30","slug":"biographie","status":"publish","type":"page","link":"https:\/\/julientiberghien.com\/index.php\/parcours\/biographie\/","title":{"rendered":"Biographie"},"content":{"rendered":"\n<h2 class=\"wp-block-heading alignfull has-text-align-center has-large-font-size\">Danseur, reconstituteur, transmetteur en danses du XIXe &amp; d\u00e9but XXe si\u00e8cles<\/h2>\n\n\n\n<p><\/p>\n\n\n\n<figure class=\"wp-block-image aligncenter size-large\"><img loading=\"lazy\" decoding=\"async\" width=\"1024\" height=\"361\" src=\"https:\/\/julientiberghien.com\/wp-content\/uploads\/2024\/04\/Julien-Tiberghien-1-1024x361.jpg\" alt=\"\" class=\"wp-image-139\" srcset=\"https:\/\/julientiberghien.com\/wp-content\/uploads\/2024\/04\/Julien-Tiberghien-1-1024x361.jpg 1024w, https:\/\/julientiberghien.com\/wp-content\/uploads\/2024\/04\/Julien-Tiberghien-1-300x106.jpg 300w, https:\/\/julientiberghien.com\/wp-content\/uploads\/2024\/04\/Julien-Tiberghien-1-768x271.jpg 768w, https:\/\/julientiberghien.com\/wp-content\/uploads\/2024\/04\/Julien-Tiberghien-1.jpg 1200w\" sizes=\"auto, (max-width: 1024px) 100vw, 1024px\" \/><\/figure>\n\n\n\n<p>Passionn\u00e9 de danse, de musique et d\u2019histoire, Julien Tiberghien est danseur et professeur <strong>sp\u00e9cialis\u00e9 dans la danse historique de la seconde moiti\u00e9 du XIXe si\u00e8cle et du d\u00e9but du XXe si\u00e8cle<\/strong>. Il m\u00e8ne de nombreuses recherches et reconstitutions des danses pratiqu\u00e9es \u00e0 cette p\u00e9riode dans les salons d&rsquo;Europe et d&rsquo;outre Atlantique, qu\u2019il transmet au sein de ses cours, stages, bals, et d&rsquo;\u00e9v\u00e9nements dans\u00e9s.<\/p>\n\n\n\n<p>Titulaire d\u2019un dipl\u00f4me en enseignement de la danse de couple, Julien a pratiqu\u00e9 la danse sportive en comp\u00e9tition en France et \u00e0 l\u2019\u00e9tranger, entre 2008 et 2018 tout en se formant aupr\u00e8s de sp\u00e9cialistes de la danse historique reconnus tels que Richard Powers (USA), Sylvia Hartung (Allemagne), Yvonne Vart (France), etc. Parall\u00e8lement, il a travaill\u00e9 en tant que documentaliste aupr\u00e8s de la chor\u00e9graphe am\u00e9ricaine Carolyn Carlson au Centre Chor\u00e9graphique National de Roubaix, ainsi qu&rsquo;avec la biblioth\u00e8que de l&rsquo;<strong>Op\u00e9ra<\/strong> de Paris pour la conservation de la documentation capt\u00e9e de la danse contemporaine.<\/p>\n\n\n\n<p>Depuis 2009, Julien enseigne la danse de couple et de groupe, qu&rsquo;il enrichit d&rsquo;un regard transversal du XIXe si\u00e8cle \u00e0 nos jours. Intuitif et p\u00e9dagogue, il cherche avant tout \u00e0 transmettre le <strong>plaisir de danser <\/strong>en couple et en harmonie, telles les plan\u00e8tes \u00e9voqu\u00e9es par Henri Cellarius en 1844.<\/p>\n\n\n\n<p>Sa technicit\u00e9 et sa sensibilit\u00e9 l&rsquo;am\u00e8nent \u00e0 intervenir lors de <strong>stages <\/strong>de danse historique en France et \u00e0 l\u2019\u00e9tranger (Belgique, Russie), lors de <strong>conf\u00e9rences<\/strong> en ligne (Mid Summer Early Dance and Music Festival ou l\u2019International Festival of Historical Dance), ainsi que comme <strong>juge<\/strong> et conseiller chor\u00e9graphique \u00e0 l&rsquo;occasion des championnats de danses historiques de Russie.<\/p>\n\n\n\n<p>Riche de son parcours de chercheur, danseur, chor\u00e9graphe et professeur, Julien intervient dans le milieu de la reconstitution historique au sein de nombreux \u00e9v\u00e9nements dans\u00e9s (Paris, Versailles, Edimbourg, Moscou, Vienne, etc.). Il y pr\u00e9sente ses <strong>reconstitutions<\/strong> telles que le Lawn Tennis Quadrille de 1881, le Quadrille des Abeilles de 1863, la Mazurka Gawlikowski de 1857 ou encore L\u2019Etoile des Valseurs de 1890. <strong>Il con\u00e7oit \u00e9galement ses bals historiques<\/strong> \u00e0 th\u00e8mes avec passion et minutie (Orientalisme et Ballets russes, le bal des Ghillies, Titanic, etc.).<\/p>\n\n\n\n<p>De la collaboration avec des musiciens sp\u00e9cialis\u00e9s, aux reconstitutions chor\u00e9graphiques, en passant par les costumes et les d\u00e9cors, Julien ne laisse rien au hasard, afin de plonger les participants dans un pass\u00e9 festif et lumineux !<\/p>\n\n\n\n<div class=\"wp-block-columns is-layout-flex wp-container-core-columns-is-layout-28f84493 wp-block-columns-is-layout-flex\">\n<div class=\"wp-block-column is-layout-flow wp-block-column-is-layout-flow\">\n<figure class=\"wp-block-image size-large\"><img loading=\"lazy\" decoding=\"async\" width=\"581\" height=\"1024\" src=\"http:\/\/julientiberghien.com\/wp-content\/uploads\/2024\/04\/378106807_976378016986155_5349568203355748475_n-e1714052706977-581x1024.jpg\" alt=\"\" class=\"wp-image-141\" srcset=\"https:\/\/julientiberghien.com\/wp-content\/uploads\/2024\/04\/378106807_976378016986155_5349568203355748475_n-e1714052706977-581x1024.jpg 581w, https:\/\/julientiberghien.com\/wp-content\/uploads\/2024\/04\/378106807_976378016986155_5349568203355748475_n-e1714052706977-170x300.jpg 170w, https:\/\/julientiberghien.com\/wp-content\/uploads\/2024\/04\/378106807_976378016986155_5349568203355748475_n-e1714052706977-768x1353.jpg 768w, https:\/\/julientiberghien.com\/wp-content\/uploads\/2024\/04\/378106807_976378016986155_5349568203355748475_n-e1714052706977-872x1536.jpg 872w, https:\/\/julientiberghien.com\/wp-content\/uploads\/2024\/04\/378106807_976378016986155_5349568203355748475_n-e1714052706977.jpg 910w\" sizes=\"auto, (max-width: 581px) 100vw, 581px\" \/><\/figure>\n<\/div>\n\n\n\n<div class=\"wp-block-column is-layout-flow wp-block-column-is-layout-flow\"><\/div>\n\n\n\n<div class=\"wp-block-column is-layout-flow wp-block-column-is-layout-flow\"><\/div>\n<\/div>\n","protected":false},"excerpt":{"rendered":"<p>Danseur, reconstituteur, transmetteur en danses du XIXe &amp; d\u00e9but XXe si\u00e8cles Passionn\u00e9 de danse, de musique et d\u2019histoire, Julien Tiberghien est danseur et professeur sp\u00e9cialis\u00e9 dans la danse historique de la seconde moiti\u00e9 du XIXe si\u00e8cle et du d\u00e9but du XXe si\u00e8cle. Il m\u00e8ne de nombreuses recherches et reconstitutions des danses pratiqu\u00e9es \u00e0 cette p\u00e9riode [&hellip;]<\/p>\n","protected":false},"author":1,"featured_media":0,"parent":67,"menu_order":1,"comment_status":"closed","ping_status":"closed","template":"","meta":{"footnotes":""},"class_list":["post-72","page","type-page","status-publish","hentry"],"yoast_head":"<!-- This site is optimized with the Yoast SEO plugin v24.8.1 - https:\/\/yoast.com\/wordpress\/plugins\/seo\/ -->\n<title>Biographie - Julien Tiberghien<\/title>\n<meta name=\"robots\" content=\"index, follow, max-snippet:-1, max-image-preview:large, max-video-preview:-1\" \/>\n<link rel=\"canonical\" href=\"https:\/\/julientiberghien.com\/index.php\/parcours\/biographie\/\" \/>\n<meta property=\"og:locale\" content=\"fr_FR\" \/>\n<meta property=\"og:type\" content=\"article\" \/>\n<meta property=\"og:title\" content=\"Biographie - Julien Tiberghien\" \/>\n<meta property=\"og:description\" content=\"Danseur, reconstituteur, transmetteur en danses du XIXe &amp; d\u00e9but XXe si\u00e8cles Passionn\u00e9 de danse, de musique et d\u2019histoire, Julien Tiberghien est danseur et professeur sp\u00e9cialis\u00e9 dans la danse historique de la seconde moiti\u00e9 du XIXe si\u00e8cle et du d\u00e9but du XXe si\u00e8cle. Il m\u00e8ne de nombreuses recherches et reconstitutions des danses pratiqu\u00e9es \u00e0 cette p\u00e9riode [&hellip;]\" \/>\n<meta property=\"og:url\" content=\"https:\/\/julientiberghien.com\/index.php\/parcours\/biographie\/\" \/>\n<meta property=\"og:site_name\" content=\"Julien Tiberghien\" \/>\n<meta property=\"article:modified_time\" content=\"2024-05-06T06:57:30+00:00\" \/>\n<meta property=\"og:image\" content=\"https:\/\/julientiberghien.com\/wp-content\/uploads\/2024\/04\/Julien-Tiberghien-1-1024x361.jpg\" \/>\n<meta name=\"twitter:card\" content=\"summary_large_image\" \/>\n<meta name=\"twitter:label1\" content=\"Dur\u00e9e de lecture estim\u00e9e\" \/>\n\t<meta name=\"twitter:data1\" content=\"3 minutes\" \/>\n<script type=\"application\/ld+json\" class=\"yoast-schema-graph\">{\"@context\":\"https:\/\/schema.org\",\"@graph\":[{\"@type\":\"WebPage\",\"@id\":\"https:\/\/julientiberghien.com\/index.php\/parcours\/biographie\/\",\"url\":\"https:\/\/julientiberghien.com\/index.php\/parcours\/biographie\/\",\"name\":\"Biographie - Julien Tiberghien\",\"isPartOf\":{\"@id\":\"https:\/\/julientiberghien.com\/#website\"},\"primaryImageOfPage\":{\"@id\":\"https:\/\/julientiberghien.com\/index.php\/parcours\/biographie\/#primaryimage\"},\"image\":{\"@id\":\"https:\/\/julientiberghien.com\/index.php\/parcours\/biographie\/#primaryimage\"},\"thumbnailUrl\":\"https:\/\/julientiberghien.com\/wp-content\/uploads\/2024\/04\/Julien-Tiberghien-1-1024x361.jpg\",\"datePublished\":\"2024-04-25T08:44:58+00:00\",\"dateModified\":\"2024-05-06T06:57:30+00:00\",\"breadcrumb\":{\"@id\":\"https:\/\/julientiberghien.com\/index.php\/parcours\/biographie\/#breadcrumb\"},\"inLanguage\":\"fr-FR\",\"potentialAction\":[{\"@type\":\"ReadAction\",\"target\":[\"https:\/\/julientiberghien.com\/index.php\/parcours\/biographie\/\"]}]},{\"@type\":\"ImageObject\",\"inLanguage\":\"fr-FR\",\"@id\":\"https:\/\/julientiberghien.com\/index.php\/parcours\/biographie\/#primaryimage\",\"url\":\"https:\/\/julientiberghien.com\/wp-content\/uploads\/2024\/04\/Julien-Tiberghien-1.jpg\",\"contentUrl\":\"https:\/\/julientiberghien.com\/wp-content\/uploads\/2024\/04\/Julien-Tiberghien-1.jpg\",\"width\":1200,\"height\":423},{\"@type\":\"BreadcrumbList\",\"@id\":\"https:\/\/julientiberghien.com\/index.php\/parcours\/biographie\/#breadcrumb\",\"itemListElement\":[{\"@type\":\"ListItem\",\"position\":1,\"name\":\"Accueil\",\"item\":\"https:\/\/julientiberghien.com\/\"},{\"@type\":\"ListItem\",\"position\":2,\"name\":\"Parcours\",\"item\":\"https:\/\/julientiberghien.com\/index.php\/parcours\/\"},{\"@type\":\"ListItem\",\"position\":3,\"name\":\"Biographie\"}]},{\"@type\":\"WebSite\",\"@id\":\"https:\/\/julientiberghien.com\/#website\",\"url\":\"https:\/\/julientiberghien.com\/\",\"name\":\"Julien Tiberghien\",\"description\":\"Danseur, musicien, transmetteur\",\"publisher\":{\"@id\":\"https:\/\/julientiberghien.com\/#organization\"},\"potentialAction\":[{\"@type\":\"SearchAction\",\"target\":{\"@type\":\"EntryPoint\",\"urlTemplate\":\"https:\/\/julientiberghien.com\/?s={search_term_string}\"},\"query-input\":{\"@type\":\"PropertyValueSpecification\",\"valueRequired\":true,\"valueName\":\"search_term_string\"}}],\"inLanguage\":\"fr-FR\"},{\"@type\":\"Organization\",\"@id\":\"https:\/\/julientiberghien.com\/#organization\",\"name\":\"Julien Tiberghien\",\"url\":\"https:\/\/julientiberghien.com\/\",\"logo\":{\"@type\":\"ImageObject\",\"inLanguage\":\"fr-FR\",\"@id\":\"https:\/\/julientiberghien.com\/#\/schema\/logo\/image\/\",\"url\":\"https:\/\/julientiberghien.com\/wp-content\/uploads\/2024\/04\/Julien-Tiberghien-1.png\",\"contentUrl\":\"https:\/\/julientiberghien.com\/wp-content\/uploads\/2024\/04\/Julien-Tiberghien-1.png\",\"width\":500,\"height\":173,\"caption\":\"Julien Tiberghien\"},\"image\":{\"@id\":\"https:\/\/julientiberghien.com\/#\/schema\/logo\/image\/\"}}]}<\/script>\n<!-- \/ Yoast SEO plugin. -->","yoast_head_json":{"title":"Biographie - Julien Tiberghien","robots":{"index":"index","follow":"follow","max-snippet":"max-snippet:-1","max-image-preview":"max-image-preview:large","max-video-preview":"max-video-preview:-1"},"canonical":"https:\/\/julientiberghien.com\/index.php\/parcours\/biographie\/","og_locale":"fr_FR","og_type":"article","og_title":"Biographie - Julien Tiberghien","og_description":"Danseur, reconstituteur, transmetteur en danses du XIXe &amp; d\u00e9but XXe si\u00e8cles Passionn\u00e9 de danse, de musique et d\u2019histoire, Julien Tiberghien est danseur et professeur sp\u00e9cialis\u00e9 dans la danse historique de la seconde moiti\u00e9 du XIXe si\u00e8cle et du d\u00e9but du XXe si\u00e8cle. Il m\u00e8ne de nombreuses recherches et reconstitutions des danses pratiqu\u00e9es \u00e0 cette p\u00e9riode [&hellip;]","og_url":"https:\/\/julientiberghien.com\/index.php\/parcours\/biographie\/","og_site_name":"Julien Tiberghien","article_modified_time":"2024-05-06T06:57:30+00:00","og_image":[{"url":"https:\/\/julientiberghien.com\/wp-content\/uploads\/2024\/04\/Julien-Tiberghien-1-1024x361.jpg","type":"","width":"","height":""}],"twitter_card":"summary_large_image","twitter_misc":{"Dur\u00e9e de lecture estim\u00e9e":"3 minutes"},"schema":{"@context":"https:\/\/schema.org","@graph":[{"@type":"WebPage","@id":"https:\/\/julientiberghien.com\/index.php\/parcours\/biographie\/","url":"https:\/\/julientiberghien.com\/index.php\/parcours\/biographie\/","name":"Biographie - Julien Tiberghien","isPartOf":{"@id":"https:\/\/julientiberghien.com\/#website"},"primaryImageOfPage":{"@id":"https:\/\/julientiberghien.com\/index.php\/parcours\/biographie\/#primaryimage"},"image":{"@id":"https:\/\/julientiberghien.com\/index.php\/parcours\/biographie\/#primaryimage"},"thumbnailUrl":"https:\/\/julientiberghien.com\/wp-content\/uploads\/2024\/04\/Julien-Tiberghien-1-1024x361.jpg","datePublished":"2024-04-25T08:44:58+00:00","dateModified":"2024-05-06T06:57:30+00:00","breadcrumb":{"@id":"https:\/\/julientiberghien.com\/index.php\/parcours\/biographie\/#breadcrumb"},"inLanguage":"fr-FR","potentialAction":[{"@type":"ReadAction","target":["https:\/\/julientiberghien.com\/index.php\/parcours\/biographie\/"]}]},{"@type":"ImageObject","inLanguage":"fr-FR","@id":"https:\/\/julientiberghien.com\/index.php\/parcours\/biographie\/#primaryimage","url":"https:\/\/julientiberghien.com\/wp-content\/uploads\/2024\/04\/Julien-Tiberghien-1.jpg","contentUrl":"https:\/\/julientiberghien.com\/wp-content\/uploads\/2024\/04\/Julien-Tiberghien-1.jpg","width":1200,"height":423},{"@type":"BreadcrumbList","@id":"https:\/\/julientiberghien.com\/index.php\/parcours\/biographie\/#breadcrumb","itemListElement":[{"@type":"ListItem","position":1,"name":"Accueil","item":"https:\/\/julientiberghien.com\/"},{"@type":"ListItem","position":2,"name":"Parcours","item":"https:\/\/julientiberghien.com\/index.php\/parcours\/"},{"@type":"ListItem","position":3,"name":"Biographie"}]},{"@type":"WebSite","@id":"https:\/\/julientiberghien.com\/#website","url":"https:\/\/julientiberghien.com\/","name":"Julien Tiberghien","description":"Danseur, musicien, transmetteur","publisher":{"@id":"https:\/\/julientiberghien.com\/#organization"},"potentialAction":[{"@type":"SearchAction","target":{"@type":"EntryPoint","urlTemplate":"https:\/\/julientiberghien.com\/?s={search_term_string}"},"query-input":{"@type":"PropertyValueSpecification","valueRequired":true,"valueName":"search_term_string"}}],"inLanguage":"fr-FR"},{"@type":"Organization","@id":"https:\/\/julientiberghien.com\/#organization","name":"Julien Tiberghien","url":"https:\/\/julientiberghien.com\/","logo":{"@type":"ImageObject","inLanguage":"fr-FR","@id":"https:\/\/julientiberghien.com\/#\/schema\/logo\/image\/","url":"https:\/\/julientiberghien.com\/wp-content\/uploads\/2024\/04\/Julien-Tiberghien-1.png","contentUrl":"https:\/\/julientiberghien.com\/wp-content\/uploads\/2024\/04\/Julien-Tiberghien-1.png","width":500,"height":173,"caption":"Julien Tiberghien"},"image":{"@id":"https:\/\/julientiberghien.com\/#\/schema\/logo\/image\/"}}]}},"_links":{"self":[{"href":"https:\/\/julientiberghien.com\/index.php\/wp-json\/wp\/v2\/pages\/72","targetHints":{"allow":["GET"]}}],"collection":[{"href":"https:\/\/julientiberghien.com\/index.php\/wp-json\/wp\/v2\/pages"}],"about":[{"href":"https:\/\/julientiberghien.com\/index.php\/wp-json\/wp\/v2\/types\/page"}],"author":[{"embeddable":true,"href":"https:\/\/julientiberghien.com\/index.php\/wp-json\/wp\/v2\/users\/1"}],"replies":[{"embeddable":true,"href":"https:\/\/julientiberghien.com\/index.php\/wp-json\/wp\/v2\/comments?post=72"}],"version-history":[{"count":11,"href":"https:\/\/julientiberghien.com\/index.php\/wp-json\/wp\/v2\/pages\/72\/revisions"}],"predecessor-version":[{"id":385,"href":"https:\/\/julientiberghien.com\/index.php\/wp-json\/wp\/v2\/pages\/72\/revisions\/385"}],"up":[{"embeddable":true,"href":"https:\/\/julientiberghien.com\/index.php\/wp-json\/wp\/v2\/pages\/67"}],"wp:attachment":[{"href":"https:\/\/julientiberghien.com\/index.php\/wp-json\/wp\/v2\/media?parent=72"}],"curies":[{"name":"wp","href":"https:\/\/api.w.org\/{rel}","templated":true}]}}